 + 89. Let z be g(8). What is the highest common factor of o and z?
1
Suppose -y - 18 = -4*y - 3*w, -w - 2 = -3*y. Suppose -4*u + y*u + 56 = 0. Calculate the greatest common factor of 14 and u.
14
Suppose 6*d - 2*r + 531 = 11*d, -d = r - 108. What is the highest common divisor of 805 and d?
35
Let n be (-2)/10 - (-209)/(-5). Let q = 160 + -82. Let u = q + n. What is the highest common divisor of 24 and u?
12
Suppose w - 2 = -4*q, -2*q + 1 = -3. Let a = w + 7. Let u be a + (-2 - 3) - -43. What is the greatest common divisor of u and 13?
13
Let i(w) = -6*w - 9. Let a be i(-2). Suppose -4 = 5*k - 19, 201 = a*b + 4*k. Calculate the highest common divisor of 14 and b.
7
Let r = 8 - 6. Suppose -4 = -2*n - r. What is the greatest common factor of n and 5?
1
Let g be 1 - (2 + 2)*1. Let s(f) = -3*f - 3. Let u(t) = -3*t - 2. Let r(p) = -2*s(p) + 3*u(p). Let m be r(g). Calculate the greatest common factor of 6 and m.
3
Suppose -3*v - 87 = -3*p, 0 = -v - 0*p - p - 37. Let u = 79 + v. What is the highest common factor of 23 and u?
23
Let x be (-16)/(-40) - 28/(-5). Let b be 3*1 - (-2 - 30/x). What is the greatest common factor of 10 and b?
10
Let m be (-16)/4 + 5 + 21. Suppose -m = 2*s - 46. Let h(l) = 18*l. Let g be h(2). Calculate the highest common factor of g and s.
12
Let k(m) = 3*m**2 - 3*m - 12. Let y be k(6). Let q = -53 + y. Calculate the greatest common divisor of q and 175.
25
Let o be -9*(-1)/3 + -6. Let x = 16 + o. Calculate the highest common factor of 143 and x.
13
Let n be (-16)/(-96) - (-15953)/42. What is the greatest common factor of 285 and n?
95
Let d be (-117)/(-6) + (-15)/10. Let h be (-8)/(40/9)*(-20)/6. Calculate the highest common factor of h and d.
6
Suppose -342 + 72 = -27*t. What is the highest common divisor of t and 85?
5
Suppose 0 = 5*i - 21 - 864. What is the greatest common divisor of i and 9?
3
Suppose -n + 0*n = 0. Let v(m) = 5 - 4 - 3*m**3 - 3*m - 3*m**2 + n. Let c be v(-3). What is the greatest common divisor of c and 16?
16
Suppose -1718 = -49*f + 340. Let n be (-1 - (-1 + 1)) + 16. Let z be -1 + n*(1 - 0). What is the greatest common factor of z and f?
14
Suppose 3*k - 2*q - 565 = 0, k + 4*q = q + 181. What is the highest common factor of 34 and k?
17
Suppose -1129*o + 1134*o = 25. What is the greatest common factor of 4 and o?
1
Let c(h) = -2*h**3 + 3*h**2 + 9*h + 2. Let y be c(-2). Calculate the greatest common divisor of y and 1644.
12
Let d = 1256 - 1202. What is the greatest common divisor of d and 405?
27
Let w be 15570/24 + 9/(-12). Calculate the highest common divisor of w and 72.
72
Let y = 0 - -1. Let u be (-1 - y) + (-60)/(-5). Suppose -5*w + 9*w = 440. What is the highest common divisor of u and w?
10
Let f(n) = 3*n - 9. Let b(g) = 2*g. Let m(a) = 3*b(a) - f(a). Let c be m(7). Let q = 11 + -1. Calculate the greatest common divisor of q and c.
10
Suppose -2*l - 10 + 38 = -2*w, -w = l + 6. Let i be 269/(-5) - (-2)/w. Let n = 44 - i. What is the greatest common divisor of 14 and n?
14
Suppose 0 = -3*d + 2*i + 55, 3*d - 18*i = -17*i + 53. What is the greatest common factor of 34 and d?
17
Let r(l) = 11*l + 935. Let j be r(-84). Let w = 274 + -186. Calculate the greatest common factor of j and w.
11
Let j be 94 + 216/(-81)*6/4. Let d = 11 - 4. Suppose 0 = d*b - 12*b + j. What is the highest common divisor of 9 and b?
9
Let v = -714 - -774. What is the highest common factor of 40 and v?
20
Let i be ((-45)/6)/(99/(-1650)). Calculate the highest common divisor of i and 175.
25
Suppose -2*s - 15 = -6*s - g, 4*s = 4*g + 20. Suppose 509 = s*c - 303. Let p be (-8)/32 - 117/(-4). What is the greatest common divisor of c and p?
29
Let b = 86 - 49. Suppose 5*x + 4*o - b = 0, -2*x - 7 = -x - 4*o. Calculate the greatest common divisor of 55 and x.
5
Suppose -3*s - 10 = -34. Let b be (-3 - 23/(-5))/(6/30). What is the greatest common factor of b and s?
8
Let j be -5 + (-80)/(-8) - (-20)/4. Calculate the greatest common divisor of j and 410.
10
Let j be 5/(10/(-4)) - -8. Let k = 482 + -690. Let z be k/(-24) + (-2)/(-6). What is the highest common divisor of z and j?
3
Suppose 5*b - 3*b - 8 = 0. Suppose -101 - 59 = -b*v. What is the greatest common divisor of v and 60?
20
Let x(n) = n**3 - 16*n**2 + 15*n + 4. Let g be x(15). Let q be 4 + (3 - 19)/g. Let u be (5 - q)*4/10. Calculate the greatest common divisor of 22 and u.
2
Let o be 0/(-7) - 0/1. Suppose o = -3*a + 34 + 20. What is the greatest common divisor of 45 and a?
9
Suppose 19 - 79 = -5*p - 5*x, 2*p = -4*x + 32. Suppose -80 = -b - 2*r, 5*b - r - 320 = 124. Calculate the greatest common factor of p and b.
8
Suppose -720 = -71*t + 53*t. What is the highest common factor of t and 260?
20
Let u = -21 - -37. Let i = -27 - -29. Calculate the greatest common divisor of u and i.
2
Suppose 3*u + 2 = 14. Suppose -58 = -3*t - u*z - 22, -5*z = 4*t - 47. Calculate the greatest common factor of 88 and t.
8
Suppose 146 = -10*a + 166. Calculate the greatest common factor of a and 68.
2
Let b(z) = -z**3 + 7*z**2 + 2*z - 10. Let v be b(7). Let x = 131 - 125. Calculate the greatest common factor of x and v.
2
Suppose 2*r = 6*r - 52. Suppose -5*n + 10 = l, -2*n = 4*l + r - 35. Let y be (4 + -1 + n)*3. Calculate the highest common divisor of y and 18.
6
Suppose -123*n - 272 = -128*n + 2*j, -2*n + 116 = j. Suppose -5*m = -2*m - 1020. Let o be (-2)/6 + m/12. Calculate the highest common divisor of o and n.
28
Let c be 15/(-2)*40/(-15). What is the greatest common divisor of c and 520?
20
Suppose n - 42 = -l, -162 = -4*l - 15*n + 14*n. Calculate the highest common divisor of 56 and l.
8
Let y(z) = z - 10. Let q be y(13). Suppose -42 = -q*w + p, -23 = -w - w - p. Calculate the greatest common factor of 13 and w.
13
Suppose 0 = -28*l + 865 + 2159. Calculate the greatest common divisor of l and 28.
4
Suppose -59*r - 481 = -72*r. What is the highest common divisor of r and 185?
37
Let a = 125 - 73. Let d be -15*(4 - 370/60)*2. What is the highest common factor of d and a?
13
Let k(x) = -46*x + 4947. Let h be k(107). Let n = 4 - -5. Let q = 66 + n. What is the highest common factor of h and q?
25
Let d(h) = -h**3 + 8*h**2 - 3*h - 40. Let n be d(6). Calculate the highest common divisor of 161 and n.
7
Let q(r) = 4*r**3 + 2 - 6 - 5*r**3 + 3*r**2 - 3*r**3. Let c be q(-2). Calculate the highest common divisor of 320 and c.
40
Suppose 3*x - 3 = 4*a + 1, 0 = -4*x. Let t(b) = -34*b - 12. Let m be t(a). What is the highest common factor of m and 99?
11
Suppose -3*p - 97 = -3760. Calculate the highest common divisor of p and 33.
33
Let r(t) = -2*t**2 - 26*t - 28. Let x be r(-7). What is the greatest common factor of 168 and x?
56
Let t(x) = x - 3. Let z be t(8). Suppose 15 = z*p, 4*q + 3*p = 2*p + 19. Let a(w) = 17*w - 2. Let k be a(q). What is the greatest common factor of k and 6?
6
Let j be (42/(-35))/((-1)/5). Let g(c) = c**3 - 7*c**2 + 6*c + 1. Let l be g(j). Let b be (118 - -7)/(l + 0). What is the greatest common factor of b and 50?
25
Let q = -23 + 156. What is the highest common factor of q and 38?
19
Let w(d) = 3*d**2. Let f be w(1). Suppose 93 = -5*j - 7*c + 4*c, -4*c = -16. Let y = j + 45. Calculate the greatest common factor of y and f.
3
Let m(u) = 19*u**3 + 13*u**2 + 15*u - 15. Let y be m(5). What is the greatest common divisor of y and 120?
120
Let s = -299 - -319. What is the greatest common divisor of s and 10?
10
Suppose -3*m + j - 10 = 0, -m + 16 = m + 5*j. Let b be 3/(178/(-90) - m). Suppose 18*c - 17*c - 15 = 0. What is the highest common factor of c and b?
15
Let b(g) = g**3 + 4*g**2 + 2. Let f be b(-4). Let i(u) = -2*u**2 + 49*u + 943. Let z be i(37). Calculate the greatest common factor of z and f.
2
Let s be 13 + (14/(-3) - (-7)/(-21)). What is the greatest common factor of 108 and s?
4
Suppose g - 1 = -3*q + 7, 0 = 4*g + q - 54. Calculate the greatest common factor of 42 and g.
14
Let g(l) be the first derivative of 1/3*l**3 - 11 + 22*l + 1/2*l**2. Let z be g(0). What is the highest common factor of 66 and z?
22
Let j be (105/45 + -16)/((-2)/426). What is the greatest common divisor of j and 41?
41
Let r = 75 + 78. Calculate the highest common factor of 85 and r.
17
Let l(c) = 4*c + 12. Let z be l(7). Suppose -h + 5*b = b + z, h = 3*b - 44. Let y be 0 + 0 + 4 - h. Calculat